n = -7 + b. Suppose 3*x = n*y - 40, -3*x - x - 76 = -4*y. Calculate the highest common divisor of 119 and y.
17
Let t(c) = 5*c + 6. Let s be t(6). Suppose -1 = -4*w + 3*z, 5*z - 2*z - 27 = -3*w. Calculate the highest common factor of s and w.
4
Let n = 193 + -121. Let u(h) = -1 + 7*h**2 + 2*h - 6*h + 2*h. Let l be u(-1). What is the highest common divisor of n and l?
8
Let y(g) = -5*g - 11. Let w be y(-7). Calculate the highest common divisor of 48 and w.
24
Let a be (-10)/(-15)*225/2. What is the highest common divisor of a and 15?
15
Let f(l) = -7*l. Let k = -7 - -6. Let g be f(k). Let c(y) = y**3 + y**2 + 14. Let b be c(0). What is the highest common divisor of g and b?
7
Let n(g) = g**3 - 3*g**2 - 3*g + 5. Let u be n(6). Calculate the greatest common divisor of u and 19.
19
Let u be (-155)/(-1) - (-2 + 3/3). Calculate the highest common divisor of u and 39.
39
Let d be 0 - (3 + -2 + -26). What is the highest common factor of 10 and d?
5
Let k be (-594)/(-4) - 1/2. Let y = -19 - -23. Suppose 2*x - 124 = -a, y*x + 5*a = 6*x - k. What is the highest common divisor of x and 8?
8
Suppose -3*l + 4*l = 540. What is the highest common divisor of 60 and l?
60
Let p = 82 - 75. What is the greatest common factor of 2 and p?
1
Let u be (144/(-28))/((16/(-28))/4). What is the highest common divisor of 396 and u?
36
Let k = -12 - -22. Calculate the greatest common factor of k and 110.
10
Let k be ((-2)/5)/(1/(-5)). Suppose 3*a + 90 = -k*a. Let f = a - -28. Calculate the greatest common divisor of 10 and f.
10
Let y = 534 - 345. Let k(j) = -2*j + 9. Let m(o) = o**2 + 7*o - 6. Let x be m(-7). Let c be k(x). Calculate the greatest common divisor of c and y.
21
Suppose -4*s - 3 = 3*j - 10, 0 = -j - 5*s + 6. Let m be 112/8 + j*3. What is the greatest common divisor of m and 68?
17
Suppose -3*v = -3*c - 87, 3*v - 133 = -3*c - 40. What is the highest common factor of 50 and v?
10
Suppose -7*k + 84 = -k. Calculate the highest common factor of 28 and k.
14
Suppose -x + 67 = 3*j, -j + 3*x = -2*j + 33. Let n = -387 - -576. Calculate the greatest common factor of n and j.
21
Let o(i) = i**2 - 5*i + 5. Let p be o(4). Let a be (-4)/(-20) - 148/(-10) - 4. Calculate the highest common factor of a and p.
1
Let z(h) = 5*h + 9. Let y(d) = 6*d + 10. Let x(s) = 6*y(s) - 7*z(s). Let l be x(5). Suppose -36 = -o - l*o. Calculate the greatest common factor of 4 and o.
4
Let c(r) = r**3 - 11*r**2 + 2*r - 7. Let a be c(11). Calculate the greatest common factor of a and 15.
15
Suppose y - 4*y + 297 = 0. Suppose -j = 3*j + 8. Let o = j - -11. What is the highest common factor of y and o?
9
Let u(k) = k**2 - 4*k - 4. Let h be u(5). Let s(a) = -6 - a + 5 + 6*a. Let q be s(h). Calculate the greatest common factor of q and 32.
4
Let c = -1 - 4. Let j be c/(-2)*36/10. Calculate the highest common factor of 81 and j.
9
Let x = 33 + 3. What is the greatest common divisor of 9 and x?
9
Suppose 0 = -5*i + 36 + 179. What is the greatest common divisor of i and 86?
43
Let n(l) = -l**3 + 6*l**2 + l - 1. Let h be n(6). Calculate the highest common divisor of h and 20.
5
Let z(o) = o**2 + 5*o + 1. Let i be z(-5). Suppose 0 = -f + i + 1. Calculate the greatest common factor of f and 2.
2
Let d(p) = -p**3 + p**2 + 2*p + 1. Let v be d(2). Let g = 7 + v. Calculate the greatest common factor of 24 and g.
8
Let x(k) = 8*k - 1. Let i be x(1). Let t = 111 - 76. Calculate the greatest common divisor of i and t.
7
Let t = -4 - -24. What is the greatest common factor of t and 8?
4
Let g = 4 - 2. Let l = 5 - g. Suppose -20 + 77 = t + l*a, -3*a = -3*t + 183. What is the highest common divisor of 12 and t?
12
Let v be -2 + (3 - -10)*(-5 + 6). Calculate the greatest common factor of 176 and v.
11
Let p be (-24)/(-10) - 10/25. Let y be 1*-1*-1*-1. Let c = p + y. What is the greatest common divisor of 1 and c?
1
Suppose 746 = 17*l - 529. What is the greatest common divisor of 25 and l?
25
Suppose -3*j + 18 = -u, 2*j + 5*u - 18 - 11 = 0. Let v = -5 + j. Suppose m + g - 4 = 2*m, -4*m + v*g = 6. Calculate the greatest common divisor of m and 9.
1
Suppose 5*t - 41 = -11. What is the highest common divisor of 30 and t?
6
Let q(k) = -k**3 - 5*k**2 + 7*k + 14. Let p be q(-6). Calculate the greatest common divisor of p and 24.
8
Let k(o) = -o**3 - 7*o**2 + 5*o + 1. Let q be k(-8). What is the greatest common factor of q and 175?
25
Let i(g) = g**3 + 12*g**2 + 8*g - 5. Let u be i(-10). Let x(y) = 5*y**2 - 2*y - 1. Let f be x(-2). What is the highest common factor of f and u?
23
Suppose 4*s - 7 = c, -3*c + 2*s - 23 + 2 = 0. Let n be 2*2/(-4)*c. Let y(v) = -v + 56. Let d be y(0). Calculate the greatest common factor of d and n.
7
Suppose -7*u = -3*u - 16. What is the highest common divisor of u and 20?
4
Let f(c) = -c**2 - 20*c - 62. Let d be f(-14). Suppose 5*n = 52 + 113. Calculate the highest common factor of n and d.
11
Suppose 4*r = -8*z + 3*z + 95, 4*r = -4*z + 80. Let y(i) = -3*i - 8. Let a be y(-6). What is the highest common divisor of a and z?
5
Suppose 0 = -h, -4*l - 59 = -5*h - 315. Let x(d) = 3*d + 16. Let g be x(0). Calculate the highest common divisor of g and l.
16
Let m be 16/(-10)*(-29 + 9). Calculate the greatest common divisor of 80 and m.
16
Let u = -18 + 21. Calculate the highest common divisor of u and 12.
3
Suppose 3*f + 3*g - 7*g = -11, f = 4*g - 17. Let i be 1 + 0 + 2 + f. Let u be 24/3*(-27)/(-4). What is the greatest common divisor of u and i?
6
Let a = 22 + 22. Let m(l) = l**2 + 3*l + 1. Let w be m(-5). What is the highest common factor of w and a?
11
Let q(t) = 10*t - 10. Let k be q(3). Calculate the highest common factor of k and 220.
20
Let d(h) = -2*h - 3. Let k be d(-6). Let y = 16 - k. Calculate the greatest common divisor of 1 and y.
1
Suppose 0 = -2*m - 2, -4*d - 3*m = -4 - 17. What is the greatest common factor of d and 15?
3
Suppose b - 4 = 4*d + d, -3*d - 18 = 2*b. Let z be b/27 - 164/(-9). Let y = -5 + 131. What is the greatest common factor of z and y?
18
Let u(q) = 4*q. Let m be u(1). Suppose -m*v = -j - 3*j - 116, v - 2*j - 34 = 0. What is the highest common factor of 6 and v?
6
Let d(o) = -4*o**3 + 4*o**2 - 4*o + 2. Let j be d(3). Let h = -201 - j. Let y = -71 - h. Calculate the greatest common divisor of 32 and y.
16
Let r be 2 + 0 + -6 - -10. What is the greatest common divisor of 66 and r?
6
Suppose 2*q + 4 = 3*t, -3*q + 4*q = -5. Let l(v) = -3 - 3*v + 4*v**2 + 1 - 1 + 2. Let y be l(t). What is the greatest common factor of y and 14?
7
Let l(s) = -6*s - 20. Let k be l(-6). Suppose 0 = -3*v + 191 - 47. What is the greatest common divisor of k and v?
16
Let t(y) = y + 10. Let r be t(8). What is the highest common divisor of r and 12?
6
Suppose -24 = -s + 62. Let l = 146 - s. Let q be ((-75)/2)/(-3)*(-56)/(-70). What is the highest common factor of q and l?
10
Let c(r) = -11*r + 16. Let f be c(-8). Suppose 3*k - f = 58. Calculate the greatest common divisor of 81 and k.
27
Suppose -9*o + 900 = -4*o. Calculate the greatest common divisor of 30 and o.
30
Let x = -61 - -121. Let l be 44/2 + 0 + 2. What is the greatest common divisor of x and l?
12
Suppose -2*l + 40 - 6 = 0. Suppose 4*i - 3*b + 9 = -27, 4*i + b = -52. Let n be 357/i*(0 + -4). Calculate the greatest common factor of l and n.
17
Let q = 121 + 20. Suppose -45 = -2*f - b, 3*f - 2*b - 126 = -2*f. Suppose 3*j - q = -f. Calculate the greatest common factor of j and 13.
13
Suppose -5*g + 4*h + 56 = 0, g = 6*g + 2*h - 32. Calculate the greatest common divisor of g and 48.
8
Let x(q) = q**3 - 6*q**2 - q + 9. Let k be x(6). Let d be 6/(-9) + 38/k. What is the greatest common factor of 18 and d?
6
Let n be 1/5 + (-36)/5. Let t = 8 - n. What is the highest common divisor of t and 3?
3
Let o = -6 + 1. Let c(r) = -4*r - 2. Let v be c(o). Calculate the greatest common factor of 54 and v.
18
Suppose 8 = 4*p - 8. Calculate the highest common divisor of p and 16.
4
Suppose g + 26 = 3*g. Let x be 1/((-1)/(-39)) + 0. What is the highest common factor of g and x?
13
Let y(i) = -i**2 + 8*i + 2. Let x be y(6). Let s(o) = -8*o + 68. Let f be s(5). Calculate the greatest common divisor of f and x.
14
Suppose r + 0 = 5. Suppose 80 = r*g + i, 2*i = -6*g + 3*g + 55. Let y be ((-8 - -3)*1)/(-1). What is the highest common factor of y and g?